{"id":1714,"date":"2020-09-15T09:55:38","date_gmt":"2020-09-15T12:55:38","guid":{"rendered":"http:\/\/ranchomc.com.br\/wordpress2020\/?page_id=1714"},"modified":"2021-08-02T18:17:00","modified_gmt":"2021-08-02T21:17:00","slug":"espaco-kids","status":"publish","type":"page","link":"https:\/\/ranchomc.com.br\/?page_id=1714","title":{"rendered":"Espa\u00e7o Brincar"},"content":{"rendered":"\t\t<div data-elementor-type=\"wp-page\" data-elementor-id=\"1714\" class=\"elementor elementor-1714\" data-elementor-settings=\"[]\">\n\t\t\t\t\t\t<div class=\"elementor-inner\">\n\t\t\t\t\t\t\t<div class=\"elementor-section-wrap\">\n\t\t\t\t\t\t\t<section class=\"elementor-section elementor-top-section elementor-element elementor-element-24d787f elementor-section-boxed elementor-section-height-default elementor-section-height-default\" data-id=\"24d787f\" data-element_type=\"section\">\n\t\t\t\t\t\t<div class=\"elementor-container elementor-column-gap-default\">\n\t\t\t\t\t\t\t<div class=\"elementor-row\">\n\t\t\t\t\t<div class=\"elementor-column elementor-col-100 elementor-top-column elementor-element elementor-element-8bb6e8c\" data-id=\"8bb6e8c\" data-element_type=\"column\">\n\t\t\t<div class=\"elementor-column-wrap elementor-element-populated\">\n\t\t\t\t\t\t\t<div class=\"elementor-widget-wrap\">\n\t\t\t\t\t\t<div class=\"elementor-element elementor-element-6786c14 elementor-widget elementor-widget-heading\" data-id=\"6786c14\" data-element_type=\"widget\" data-widget_type=\"heading.default\">\n\t\t\t\t<div class=\"elementor-widget-container\">\n\t\t\t<h6 class=\"elementor-heading-title elementor-size-medium\">As crian\u00e7as precisam da natureza. A natureza precisa das crian\u00e7as.<\/h6>\t\t<\/div>\n\t\t\t\t<\/div>\n\t\t\t\t\t\t<\/div>\n\t\t\t\t\t<\/div>\n\t\t<\/div>\n\t\t\t\t\t\t\t\t<\/div>\n\t\t\t\t\t<\/div>\n\t\t<\/section>\n\t\t\t\t<section class=\"elementor-section elementor-top-section elementor-element elementor-element-b6c4a8c elementor-section-boxed elementor-section-height-default elementor-section-height-default\" data-id=\"b6c4a8c\" data-element_type=\"section\">\n\t\t\t\t\t\t<div class=\"elementor-container elementor-column-gap-default\">\n\t\t\t\t\t\t\t<div class=\"elementor-row\">\n\t\t\t\t\t<div class=\"elementor-column elementor-col-100 elementor-top-column elementor-element elementor-element-3303325\" data-id=\"3303325\" data-element_type=\"column\">\n\t\t\t<div class=\"elementor-column-wrap elementor-element-populated\">\n\t\t\t\t\t\t\t<div class=\"elementor-widget-wrap\">\n\t\t\t\t\t\t<div class=\"elementor-element elementor-element-f5b74bc elementor-widget elementor-widget-text-editor\" data-id=\"f5b74bc\" data-element_type=\"widget\" data-widget_type=\"text-editor.default\">\n\t\t\t\t<div class=\"elementor-widget-container\">\n\t\t\t\t\t<div class=\"elementor-text-editor elementor-clearfix\"><p>Pesquisas e estudos pedag\u00f3gicos comprovam a import\u00e2ncia que tem para a crian\u00e7a o contato com a natureza. Apesar disso, a urbaniza\u00e7\u00e3o crescente e o uso de aparelhos eletr\u00f4nicos est\u00e3o afastando cada vez mais as crian\u00e7as e os adolescentes do lazer e das atividades ao ar livre.<\/p><p>Entre os benef\u00edcios apontados na intera\u00e7\u00e3o entre as crian\u00e7as e o meio ambiente s\u00e3o citados:<\/p><ul><li>Aumento da criatividade: quando entram em contato com elementos naturais, as crian\u00e7as t\u00eam a sensa\u00e7\u00e3o de mais liberdade e deixam a imagina\u00e7\u00e3o correr solta.<\/li><li>Ao experimentar novos sons, cheiros, gostos, imagens e texturas elas s\u00e3o estimuladas em todos os seus sentidos, ajudando a promover um desenvolvimento saud\u00e1vel.<\/li><li>Brincar ao ar livre tem influ\u00eancia positiva no equil\u00edbrio, na for\u00e7a motora e na coordena\u00e7\u00e3o.<\/li><li>Entrar em contato com frutas, verduras e legumes in natura \u00e9 um passo importante para fazer a crian\u00e7a se interessar por uma alimenta\u00e7\u00e3o mais saud\u00e1vel.<\/li><li>A exposi\u00e7\u00e3o \u00e0 natureza pode melhorar os sintomas de depress\u00e3o, ansiedade e d\u00e9ficit de aten\u00e7\u00e3o associado \u00e0 hiperatividade.<\/li><li>Passar um tempo interagindo em paisagens naturais, longe da tecnologia, incentiva a integra\u00e7\u00e3o entre os membros da fam\u00edlia.<\/li><\/ul><p>Mas o mais importante \u00e9 que ao vivenciar atividades junto \u00e0 natureza as crian\u00e7as percebem a import\u00e2ncia de sermos mais cuidadosos com o meio ambiente. E v\u00e3o aprendendo, assim, o que \u00e9 preservar o Planeta. \u00a0<\/p><p>Traga seus filhos para interagirem com a natureza e se divertir no Espa\u00e7o Brincar.<\/p><\/div>\n\t\t\t\t<\/div>\n\t\t\t\t<\/div>\n\t\t\t\t\t\t<\/div>\n\t\t\t\t\t<\/div>\n\t\t<\/div>\n\t\t\t\t\t\t\t\t<\/div>\n\t\t\t\t\t<\/div>\n\t\t<\/section>\n\t\t\t\t<section class=\"elementor-section elementor-top-section elementor-element elementor-element-70265b0 elementor-section-boxed elementor-section-height-default elementor-section-height-default\" data-id=\"70265b0\" data-element_type=\"section\">\n\t\t\t\t\t\t<div class=\"elementor-container elementor-column-gap-default\">\n\t\t\t\t\t\t\t<div class=\"elementor-row\">\n\t\t\t\t\t<div class=\"elementor-column elementor-col-100 elementor-top-column elementor-element elementor-element-56f03bb\" data-id=\"56f03bb\" data-element_type=\"column\">\n\t\t\t<div class=\"elementor-column-wrap elementor-element-populated\">\n\t\t\t\t\t\t\t<div class=\"elementor-widget-wrap\">\n\t\t\t\t\t\t<div class=\"elementor-element elementor-element-6662f6c elementor-widget elementor-widget-foogallery\" data-id=\"6662f6c\" data-element_type=\"widget\" data-widget_type=\"foogallery.default\">\n\t\t\t\t<div class=\"elementor-widget-container\">\n\t\t\t<div class=\"foogallery foogallery-container foogallery-default foogallery-lightbox-foobox fg-gutter-5 fg-left fg-m-col3 fg-default fg-light fg-border-thin fg-shadow-outline fg-loading-default fg-loaded-fade-in fg-caption-hover fg-hover-fade fg-hover-zoom fg-ready\" id=\"foogallery-gallery-1564\" data-foogallery=\"{&quot;item&quot;:{&quot;showCaptionTitle&quot;:true,&quot;showCaptionDescription&quot;:true},&quot;lazy&quot;:true}\" >\r\n\t<div class=\"fg-item fg-type-image fg-idle\"><figure class=\"fg-item-inner\"><a href=\"https:\/\/ranchomc.com.br\/wp-content\/uploads\/2020\/05\/espaco-brincar-18.jpg\" data-attachment-id=\"3445\" class=\"fg-thumb\"><span class=\"fg-image-wrap\"><img loading=\"lazy\" width=\"130\" height=\"130\" class=\"skip-lazy fg-image\" data-src-fg=\"https:\/\/ranchomc.com.br\/wp-content\/uploads\/cache\/2020\/05\/espaco-brincar-18\/532178848.jpg\" src=\"data:image\/svg+xml,%3Csvg%20xmlns%3D%22http%3A%2F%2Fwww.w3.org%2F2000%2Fsvg%22%20width%3D%22130%22%20height%3D%22130%22%20viewBox%3D%220%200%20130%20130%22%3E%3C%2Fsvg%3E\" \/><\/span><span class=\"fg-image-overlay\"><\/span><\/a><figcaption class=\"fg-caption\"><div class=\"fg-caption-inner\"><\/div><\/figcaption><\/figure><div class=\"fg-loader\"><\/div><\/div><div class=\"fg-item fg-type-image fg-idle\"><figure class=\"fg-item-inner\"><a href=\"https:\/\/ranchomc.com.br\/wp-content\/uploads\/2020\/05\/espaco-brincar-17.jpg\" data-attachment-id=\"3444\" class=\"fg-thumb\"><span class=\"fg-image-wrap\"><img loading=\"lazy\" width=\"130\" height=\"130\" class=\"skip-lazy fg-image\" data-src-fg=\"https:\/\/ranchomc.com.br\/wp-content\/uploads\/cache\/2020\/05\/espaco-brincar-17\/285867225.jpg\" src=\"data:image\/svg+xml,%3Csvg%20xmlns%3D%22http%3A%2F%2Fwww.w3.org%2F2000%2Fsvg%22%20width%3D%22130%22%20height%3D%22130%22%20viewBox%3D%220%200%20130%20130%22%3E%3C%2Fsvg%3E\" \/><\/span><span class=\"fg-image-overlay\"><\/span><\/a><figcaption class=\"fg-caption\"><div class=\"fg-caption-inner\"><\/div><\/figcaption><\/figure><div class=\"fg-loader\"><\/div><\/div><div class=\"fg-item fg-type-image fg-idle\"><figure class=\"fg-item-inner\"><a href=\"https:\/\/ranchomc.com.br\/wp-content\/uploads\/2020\/05\/espaco-brincar-38.jpg\" data-attachment-id=\"3463\" class=\"fg-thumb\"><span class=\"fg-image-wrap\"><img loading=\"lazy\" width=\"130\" height=\"130\" class=\"skip-lazy fg-image\" data-src-fg=\"https:\/\/ranchomc.com.br\/wp-content\/uploads\/cache\/2020\/05\/espaco-brincar-38\/2585008382.jpg\" src=\"data:image\/svg+xml,%3Csvg%20xmlns%3D%22http%3A%2F%2Fwww.w3.org%2F2000%2Fsvg%22%20width%3D%22130%22%20height%3D%22130%22%20viewBox%3D%220%200%20130%20130%22%3E%3C%2Fsvg%3E\" \/><\/span><span class=\"fg-image-overlay\"><\/span><\/a><figcaption class=\"fg-caption\"><div class=\"fg-caption-inner\"><\/div><\/figcaption><\/figure><div class=\"fg-loader\"><\/div><\/div><div class=\"fg-item fg-type-image fg-idle\"><figure class=\"fg-item-inner\"><a href=\"https:\/\/ranchomc.com.br\/wp-content\/uploads\/2020\/05\/espaco-brincar-67.jpg\" data-attachment-id=\"3492\" class=\"fg-thumb\"><span class=\"fg-image-wrap\"><img loading=\"lazy\" width=\"130\" height=\"130\" class=\"skip-lazy fg-image\" data-src-fg=\"https:\/\/ranchomc.com.br\/wp-content\/uploads\/cache\/2020\/05\/espaco-brincar-67\/2920901793.jpg\" src=\"data:image\/svg+xml,%3Csvg%20xmlns%3D%22http%3A%2F%2Fwww.w3.org%2F2000%2Fsvg%22%20width%3D%22130%22%20height%3D%22130%22%20viewBox%3D%220%200%20130%20130%22%3E%3C%2Fsvg%3E\" \/><\/span><span class=\"fg-image-overlay\"><\/span><\/a><figcaption class=\"fg-caption\"><div class=\"fg-caption-inner\"><\/div><\/figcaption><\/figure><div class=\"fg-loader\"><\/div><\/div><div class=\"fg-item fg-type-image fg-idle\"><figure class=\"fg-item-inner\"><a href=\"https:\/\/ranchomc.com.br\/wp-content\/uploads\/2020\/05\/espaco-brincar-22.jpg\" data-attachment-id=\"3449\" class=\"fg-thumb\"><span class=\"fg-image-wrap\"><img loading=\"lazy\" width=\"130\" height=\"130\" class=\"skip-lazy fg-image\" data-src-fg=\"https:\/\/ranchomc.com.br\/wp-content\/uploads\/cache\/2020\/05\/espaco-brincar-22\/1432894870.jpg\" src=\"data:image\/svg+xml,%3Csvg%20xmlns%3D%22http%3A%2F%2Fwww.w3.org%2F2000%2Fsvg%22%20width%3D%22130%22%20height%3D%22130%22%20viewBox%3D%220%200%20130%20130%22%3E%3C%2Fsvg%3E\" \/><\/span><span class=\"fg-image-overlay\"><\/span><\/a><figcaption class=\"fg-caption\"><div class=\"fg-caption-inner\"><\/div><\/figcaption><\/figure><div class=\"fg-loader\"><\/div><\/div><div class=\"fg-item fg-type-image fg-idle\"><figure class=\"fg-item-inner\"><a href=\"https:\/\/ranchomc.com.br\/wp-content\/uploads\/2020\/05\/espaco-brincar-20.jpg\" data-attachment-id=\"3447\" class=\"fg-thumb\"><span class=\"fg-image-wrap\"><img loading=\"lazy\" width=\"130\" height=\"130\" class=\"skip-lazy fg-image\" data-src-fg=\"https:\/\/ranchomc.com.br\/wp-content\/uploads\/cache\/2020\/05\/espaco-brincar-20\/2172802363.jpg\" src=\"data:image\/svg+xml,%3Csvg%20xmlns%3D%22http%3A%2F%2Fwww.w3.org%2F2000%2Fsvg%22%20width%3D%22130%22%20height%3D%22130%22%20viewBox%3D%220%200%20130%20130%22%3E%3C%2Fsvg%3E\" \/><\/span><span class=\"fg-image-overlay\"><\/span><\/a><figcaption class=\"fg-caption\"><div class=\"fg-caption-inner\"><\/div><\/figcaption><\/figure><div class=\"fg-loader\"><\/div><\/div><div class=\"fg-item fg-type-image fg-idle\"><figure class=\"fg-item-inner\"><a href=\"https:\/\/ranchomc.com.br\/wp-content\/uploads\/2020\/05\/espaco-brincar-48.jpg\" data-attachment-id=\"3473\" class=\"fg-thumb\"><span class=\"fg-image-wrap\"><img loading=\"lazy\" width=\"130\" height=\"130\" class=\"skip-lazy fg-image\" data-src-fg=\"https:\/\/ranchomc.com.br\/wp-content\/uploads\/cache\/2020\/05\/espaco-brincar-48\/136037093.jpg\" src=\"data:image\/svg+xml,%3Csvg%20xmlns%3D%22http%3A%2F%2Fwww.w3.org%2F2000%2Fsvg%22%20width%3D%22130%22%20height%3D%22130%22%20viewBox%3D%220%200%20130%20130%22%3E%3C%2Fsvg%3E\" \/><\/span><span class=\"fg-image-overlay\"><\/span><\/a><figcaption class=\"fg-caption\"><div class=\"fg-caption-inner\"><\/div><\/figcaption><\/figure><div class=\"fg-loader\"><\/div><\/div><div class=\"fg-item fg-type-image fg-idle\"><figure class=\"fg-item-inner\"><a href=\"https:\/\/ranchomc.com.br\/wp-content\/uploads\/2020\/05\/espaco-brincar-25.jpg\" data-attachment-id=\"3451\" class=\"fg-thumb\"><span class=\"fg-image-wrap\"><img loading=\"lazy\" width=\"130\" height=\"130\" class=\"skip-lazy fg-image\" data-src-fg=\"https:\/\/ranchomc.com.br\/wp-content\/uploads\/cache\/2020\/05\/espaco-brincar-25\/2751124144.jpg\" src=\"data:image\/svg+xml,%3Csvg%20xmlns%3D%22http%3A%2F%2Fwww.w3.org%2F2000%2Fsvg%22%20width%3D%22130%22%20height%3D%22130%22%20viewBox%3D%220%200%20130%20130%22%3E%3C%2Fsvg%3E\" \/><\/span><span class=\"fg-image-overlay\"><\/span><\/a><figcaption class=\"fg-caption\"><div class=\"fg-caption-inner\"><\/div><\/figcaption><\/figure><div class=\"fg-loader\"><\/div><\/div><div class=\"fg-item fg-type-image fg-idle\"><figure class=\"fg-item-inner\"><a href=\"https:\/\/ranchomc.com.br\/wp-content\/uploads\/2020\/05\/espaco-brincar-24.jpg\" data-attachment-id=\"3450\" class=\"fg-thumb\"><span class=\"fg-image-wrap\"><img loading=\"lazy\" width=\"130\" height=\"130\" class=\"skip-lazy fg-image\" data-src-fg=\"https:\/\/ranchomc.com.br\/wp-content\/uploads\/cache\/2020\/05\/espaco-brincar-24\/3099679739.jpg\" src=\"data:image\/svg+xml,%3Csvg%20xmlns%3D%22http%3A%2F%2Fwww.w3.org%2F2000%2Fsvg%22%20width%3D%22130%22%20height%3D%22130%22%20viewBox%3D%220%200%20130%20130%22%3E%3C%2Fsvg%3E\" \/><\/span><span class=\"fg-image-overlay\"><\/span><\/a><figcaption class=\"fg-caption\"><div class=\"fg-caption-inner\"><\/div><\/figcaption><\/figure><div class=\"fg-loader\"><\/div><\/div><div class=\"fg-item fg-type-image fg-idle\"><figure class=\"fg-item-inner\"><a href=\"https:\/\/ranchomc.com.br\/wp-content\/uploads\/2020\/05\/espaco-brincar-31.jpg\" data-attachment-id=\"3457\" class=\"fg-thumb\"><span class=\"fg-image-wrap\"><img loading=\"lazy\" width=\"130\" height=\"130\" class=\"skip-lazy fg-image\" data-src-fg=\"https:\/\/ranchomc.com.br\/wp-content\/uploads\/cache\/2020\/05\/espaco-brincar-31\/2889741876.jpg\" src=\"data:image\/svg+xml,%3Csvg%20xmlns%3D%22http%3A%2F%2Fwww.w3.org%2F2000%2Fsvg%22%20width%3D%22130%22%20height%3D%22130%22%20viewBox%3D%220%200%20130%20130%22%3E%3C%2Fsvg%3E\" \/><\/span><span class=\"fg-image-overlay\"><\/span><\/a><figcaption class=\"fg-caption\"><div class=\"fg-caption-inner\"><\/div><\/figcaption><\/figure><div class=\"fg-loader\"><\/div><\/div><div class=\"fg-item fg-type-image fg-idle\"><figure class=\"fg-item-inner\"><a href=\"https:\/\/ranchomc.com.br\/wp-content\/uploads\/2020\/05\/espaco-brincar-26.jpg\" data-attachment-id=\"3452\" class=\"fg-thumb\"><span class=\"fg-image-wrap\"><img loading=\"lazy\" width=\"130\" height=\"130\" class=\"skip-lazy fg-image\" data-src-fg=\"https:\/\/ranchomc.com.br\/wp-content\/uploads\/cache\/2020\/05\/espaco-brincar-26\/2394311021.jpg\" src=\"data:image\/svg+xml,%3Csvg%20xmlns%3D%22http%3A%2F%2Fwww.w3.org%2F2000%2Fsvg%22%20width%3D%22130%22%20height%3D%22130%22%20viewBox%3D%220%200%20130%20130%22%3E%3C%2Fsvg%3E\" \/><\/span><span class=\"fg-image-overlay\"><\/span><\/a><figcaption class=\"fg-caption\"><div class=\"fg-caption-inner\"><\/div><\/figcaption><\/figure><div class=\"fg-loader\"><\/div><\/div><div class=\"fg-item fg-type-image fg-idle\"><figure class=\"fg-item-inner\"><a href=\"https:\/\/ranchomc.com.br\/wp-content\/uploads\/2020\/05\/espaco-brincar-27.jpg\" data-attachment-id=\"3453\" class=\"fg-thumb\"><span class=\"fg-image-wrap\"><img loading=\"lazy\" width=\"130\" height=\"130\" class=\"skip-lazy fg-image\" data-src-fg=\"https:\/\/ranchomc.com.br\/wp-content\/uploads\/cache\/2020\/05\/espaco-brincar-27\/2509094950.jpg\" src=\"data:image\/svg+xml,%3Csvg%20xmlns%3D%22http%3A%2F%2Fwww.w3.org%2F2000%2Fsvg%22%20width%3D%22130%22%20height%3D%22130%22%20viewBox%3D%220%200%20130%20130%22%3E%3C%2Fsvg%3E\" \/><\/span><span class=\"fg-image-overlay\"><\/span><\/a><figcaption class=\"fg-caption\"><div class=\"fg-caption-inner\"><\/div><\/figcaption><\/figure><div class=\"fg-loader\"><\/div><\/div><div class=\"fg-item fg-type-image fg-idle\"><figure class=\"fg-item-inner\"><a href=\"https:\/\/ranchomc.com.br\/wp-content\/uploads\/2020\/05\/espaco-brincar-41.jpg\" data-attachment-id=\"3466\" class=\"fg-thumb\"><span class=\"fg-image-wrap\"><img loading=\"lazy\" width=\"130\" height=\"130\" class=\"skip-lazy fg-image\" data-src-fg=\"https:\/\/ranchomc.com.br\/wp-content\/uploads\/cache\/2020\/05\/espaco-brincar-41\/3725577247.jpg\" src=\"data:image\/svg+xml,%3Csvg%20xmlns%3D%22http%3A%2F%2Fwww.w3.org%2F2000%2Fsvg%22%20width%3D%22130%22%20height%3D%22130%22%20viewBox%3D%220%200%20130%20130%22%3E%3C%2Fsvg%3E\" \/><\/span><span class=\"fg-image-overlay\"><\/span><\/a><figcaption class=\"fg-caption\"><div class=\"fg-caption-inner\"><\/div><\/figcaption><\/figure><div class=\"fg-loader\"><\/div><\/div><div class=\"fg-item fg-type-image fg-idle\"><figure class=\"fg-item-inner\"><a href=\"https:\/\/ranchomc.com.br\/wp-content\/uploads\/2020\/05\/espaco-brincar-42.jpg\" data-attachment-id=\"3467\" class=\"fg-thumb\"><span class=\"fg-image-wrap\"><img loading=\"lazy\" width=\"130\" height=\"130\" class=\"skip-lazy fg-image\" data-src-fg=\"https:\/\/ranchomc.com.br\/wp-content\/uploads\/cache\/2020\/05\/espaco-brincar-42\/2266055209.jpg\" src=\"data:image\/svg+xml,%3Csvg%20xmlns%3D%22http%3A%2F%2Fwww.w3.org%2F2000%2Fsvg%22%20width%3D%22130%22%20height%3D%22130%22%20viewBox%3D%220%200%20130%20130%22%3E%3C%2Fsvg%3E\" \/><\/span><span class=\"fg-image-overlay\"><\/span><\/a><figcaption class=\"fg-caption\"><div class=\"fg-caption-inner\"><\/div><\/figcaption><\/figure><div class=\"fg-loader\"><\/div><\/div><div class=\"fg-item fg-type-image fg-idle\"><figure class=\"fg-item-inner\"><a href=\"https:\/\/ranchomc.com.br\/wp-content\/uploads\/2020\/05\/espaco-brincar-52.jpg\" data-attachment-id=\"3477\" class=\"fg-thumb\"><span class=\"fg-image-wrap\"><img loading=\"lazy\" width=\"130\" height=\"130\" class=\"skip-lazy fg-image\" data-src-fg=\"https:\/\/ranchomc.com.br\/wp-content\/uploads\/cache\/2020\/05\/espaco-brincar-52\/1711595960.jpg\" src=\"data:image\/svg+xml,%3Csvg%20xmlns%3D%22http%3A%2F%2Fwww.w3.org%2F2000%2Fsvg%22%20width%3D%22130%22%20height%3D%22130%22%20viewBox%3D%220%200%20130%20130%22%3E%3C%2Fsvg%3E\" \/><\/span><span class=\"fg-image-overlay\"><\/span><\/a><figcaption class=\"fg-caption\"><div class=\"fg-caption-inner\"><\/div><\/figcaption><\/figure><div class=\"fg-loader\"><\/div><\/div><div class=\"fg-item fg-type-image fg-idle\"><figure class=\"fg-item-inner\"><a href=\"https:\/\/ranchomc.com.br\/wp-content\/uploads\/2020\/05\/espaco-brincar-56.jpg\" data-attachment-id=\"3481\" class=\"fg-thumb\"><span class=\"fg-image-wrap\"><img loading=\"lazy\" width=\"130\" height=\"130\" class=\"skip-lazy fg-image\" data-src-fg=\"https:\/\/ranchomc.com.br\/wp-content\/uploads\/cache\/2020\/05\/espaco-brincar-56\/244546326.jpg\" src=\"data:image\/svg+xml,%3Csvg%20xmlns%3D%22http%3A%2F%2Fwww.w3.org%2F2000%2Fsvg%22%20width%3D%22130%22%20height%3D%22130%22%20viewBox%3D%220%200%20130%20130%22%3E%3C%2Fsvg%3E\" \/><\/span><span class=\"fg-image-overlay\"><\/span><\/a><figcaption class=\"fg-caption\"><div class=\"fg-caption-inner\"><\/div><\/figcaption><\/figure><div class=\"fg-loader\"><\/div><\/div><div class=\"fg-item fg-type-image fg-idle\"><figure class=\"fg-item-inner\"><a href=\"https:\/\/ranchomc.com.br\/wp-content\/uploads\/2020\/05\/espaco-brincar-57.jpg\" data-attachment-id=\"3482\" class=\"fg-thumb\"><span class=\"fg-image-wrap\"><img loading=\"lazy\" width=\"130\" height=\"130\" class=\"skip-lazy fg-image\" data-src-fg=\"https:\/\/ranchomc.com.br\/wp-content\/uploads\/cache\/2020\/05\/espaco-brincar-57\/1643833270.jpg\" src=\"data:image\/svg+xml,%3Csvg%20xmlns%3D%22http%3A%2F%2Fwww.w3.org%2F2000%2Fsvg%22%20width%3D%22130%22%20height%3D%22130%22%20viewBox%3D%220%200%20130%20130%22%3E%3C%2Fsvg%3E\" \/><\/span><span class=\"fg-image-overlay\"><\/span><\/a><figcaption class=\"fg-caption\"><div class=\"fg-caption-inner\"><\/div><\/figcaption><\/figure><div class=\"fg-loader\"><\/div><\/div><div class=\"fg-item fg-type-image fg-idle\"><figure class=\"fg-item-inner\"><a href=\"https:\/\/ranchomc.com.br\/wp-content\/uploads\/2020\/05\/espaco-brincar-60.jpg\" data-attachment-id=\"3485\" class=\"fg-thumb\"><span class=\"fg-image-wrap\"><img loading=\"lazy\" width=\"130\" height=\"130\" class=\"skip-lazy fg-image\" data-src-fg=\"https:\/\/ranchomc.com.br\/wp-content\/uploads\/cache\/2020\/05\/espaco-brincar-60\/433415554.jpg\" src=\"data:image\/svg+xml,%3Csvg%20xmlns%3D%22http%3A%2F%2Fwww.w3.org%2F2000%2Fsvg%22%20width%3D%22130%22%20height%3D%22130%22%20viewBox%3D%220%200%20130%20130%22%3E%3C%2Fsvg%3E\" \/><\/span><span class=\"fg-image-overlay\"><\/span><\/a><figcaption class=\"fg-caption\"><div class=\"fg-caption-inner\"><\/div><\/figcaption><\/figure><div class=\"fg-loader\"><\/div><\/div><div class=\"fg-item fg-type-image fg-idle\"><figure class=\"fg-item-inner\"><a href=\"https:\/\/ranchomc.com.br\/wp-content\/uploads\/2020\/05\/espaco-brincar-61.jpg\" data-attachment-id=\"3486\" class=\"fg-thumb\"><span class=\"fg-image-wrap\"><img loading=\"lazy\" width=\"130\" height=\"130\" class=\"skip-lazy fg-image\" data-src-fg=\"https:\/\/ranchomc.com.br\/wp-content\/uploads\/cache\/2020\/05\/espaco-brincar-61\/1992096034.jpg\" src=\"data:image\/svg+xml,%3Csvg%20xmlns%3D%22http%3A%2F%2Fwww.w3.org%2F2000%2Fsvg%22%20width%3D%22130%22%20height%3D%22130%22%20viewBox%3D%220%200%20130%20130%22%3E%3C%2Fsvg%3E\" \/><\/span><span class=\"fg-image-overlay\"><\/span><\/a><figcaption class=\"fg-caption\"><div class=\"fg-caption-inner\"><\/div><\/figcaption><\/figure><div class=\"fg-loader\"><\/div><\/div><\/div>\r\n\t\t<\/div>\n\t\t\t\t<\/div>\n\t\t\t\t\t\t<\/div>\n\t\t\t\t\t<\/div>\n\t\t<\/div>\n\t\t\t\t\t\t\t\t<\/div>\n\t\t\t\t\t<\/div>\n\t\t<\/section>\n\t\t\t\t\t\t<\/div>\n\t\t\t\t\t\t<\/div>\n\t\t\t\t\t<\/div>\n\t\t","protected":false},"excerpt":{"rendered":"<p>As crian\u00e7as precisam da natureza. A natureza precisa das crian\u00e7as. Pesquisas e estudos pedag\u00f3gicos comprovam a import\u00e2ncia que tem para a crian\u00e7a o contato com a natureza. Apesar disso, a urbaniza\u00e7\u00e3o crescente e o uso de aparelhos eletr\u00f4nicos est\u00e3o afastando cada vez mais as crian\u00e7as e os adolescentes do lazer e das atividades ao ar livre. Entre os benef\u00edcios apontados na intera\u00e7\u00e3o entre as crian\u00e7as e o meio ambiente s\u00e3o citados: Aumento da criatividade: quando entram em contato com elementos naturais, as crian\u00e7as t\u00eam a sensa\u00e7\u00e3o de mais liberdade e deixam a imagina\u00e7\u00e3o correr solta. Ao experimentar novos sons, cheiros, gostos, imagens e texturas elas s\u00e3o estimuladas em todos os seus sentidos, ajudando a promover um desenvolvimento saud\u00e1vel. Brincar ao ar livre tem influ\u00eancia positiva no equil\u00edbrio, na for\u00e7a motora e na coordena\u00e7\u00e3o. Entrar em contato com frutas, verduras e legumes in natura \u00e9 um passo importante para fazer a crian\u00e7a se interessar por uma alimenta\u00e7\u00e3o mais saud\u00e1vel. A exposi\u00e7\u00e3o \u00e0 natureza pode melhorar os sintomas de depress\u00e3o, ansiedade e d\u00e9ficit de aten\u00e7\u00e3o associado \u00e0 hiperatividade. Passar um tempo interagindo em paisagens naturais, longe da tecnologia, incentiva a integra\u00e7\u00e3o entre os membros da fam\u00edlia. Mas o mais importante \u00e9 que ao vivenciar atividades junto \u00e0 natureza as crian\u00e7as percebem a import\u00e2ncia de sermos mais cuidadosos com o meio ambiente. E v\u00e3o aprendendo, assim, o que \u00e9 preservar o Planeta. &nbsp; Traga seus filhos para interagirem com a natureza e se divertir no Espa\u00e7o Brincar.<\/p>\n","protected":false},"author":1,"featured_media":4094,"parent":0,"menu_order":0,"comment_status":"closed","ping_status":"closed","template":"","meta":{"_monsterinsights_skip_tracking":false,"_monsterinsights_sitenote_active":false,"_monsterinsights_sitenote_note":"","_monsterinsights_sitenote_category":0},"_links":{"self":[{"href":"https:\/\/ranchomc.com.br\/index.php?rest_route=\/wp\/v2\/pages\/1714"}],"collection":[{"href":"https:\/\/ranchomc.com.br\/index.php?rest_route=\/wp\/v2\/pages"}],"about":[{"href":"https:\/\/ranchomc.com.br\/index.php?rest_route=\/wp\/v2\/types\/page"}],"author":[{"embeddable":true,"href":"https:\/\/ranchomc.com.br\/index.php?rest_route=\/wp\/v2\/users\/1"}],"replies":[{"embeddable":true,"href":"https:\/\/ranchomc.com.br\/index.php?rest_route=%2Fwp%2Fv2%2Fcomments&post=1714"}],"version-history":[{"count":9,"href":"https:\/\/ranchomc.com.br\/index.php?rest_route=\/wp\/v2\/pages\/1714\/revisions"}],"predecessor-version":[{"id":1990,"href":"https:\/\/ranchomc.com.br\/index.php?rest_route=\/wp\/v2\/pages\/1714\/revisions\/1990"}],"wp:featuredmedia":[{"embeddable":true,"href":"https:\/\/ranchomc.com.br\/index.php?rest_route=\/wp\/v2\/media\/4094"}],"wp:attachment":[{"href":"https:\/\/ranchomc.com.br\/index.php?rest_route=%2Fwp%2Fv2%2Fmedia&parent=1714"}],"curies":[{"name":"wp","href":"https:\/\/api.w.org\/{rel}","templated":true}]}}