{"id":2787,"date":"2021-05-28T14:13:00","date_gmt":"2021-05-28T17:13:00","guid":{"rendered":"http:\/\/ranchomc.com.br\/?page_id=2787"},"modified":"2021-08-02T15:56:27","modified_gmt":"2021-08-02T18:56:27","slug":"lazer-diversao-e-encontro-com-a-natureza","status":"publish","type":"page","link":"https:\/\/ranchomc.com.br\/?page_id=2787","title":{"rendered":"Lazer, divers\u00e3o e encontro com a natureza"},"content":{"rendered":"\t\t<div data-elementor-type=\"wp-page\" data-elementor-id=\"2787\" class=\"elementor elementor-2787\" data-elementor-settings=\"[]\">\n\t\t\t\t\t\t<div class=\"elementor-inner\">\n\t\t\t\t\t\t\t<div class=\"elementor-section-wrap\">\n\t\t\t\t\t\t\t<section class=\"elementor-section elementor-top-section elementor-element elementor-element-d452246 elementor-section-boxed elementor-section-height-default elementor-section-height-default\" data-id=\"d452246\" data-element_type=\"section\">\n\t\t\t\t\t\t<div class=\"elementor-container elementor-column-gap-default\">\n\t\t\t\t\t\t\t<div class=\"elementor-row\">\n\t\t\t\t\t<div class=\"elementor-column elementor-col-100 elementor-top-column elementor-element elementor-element-ad2adcb\" data-id=\"ad2adcb\" data-element_type=\"column\">\n\t\t\t<div class=\"elementor-column-wrap elementor-element-populated\">\n\t\t\t\t\t\t\t<div class=\"elementor-widget-wrap\">\n\t\t\t\t\t\t<div class=\"elementor-element elementor-element-249f481 elementor-widget elementor-widget-text-editor\" data-id=\"249f481\" data-element_type=\"widget\" data-widget_type=\"text-editor.default\">\n\t\t\t\t<div class=\"elementor-widget-container\">\n\t\t\t\t\t<div class=\"elementor-text-editor elementor-clearfix\"><p>O Rancho MC oferece uma s\u00e9rie de atrativos para voc\u00ea fugir da rotina da cidade e ter momentos de lazer, divers\u00e3o e relaxamento com a fam\u00edlia e amigos.<br \/>Atrav\u00e9s do sistema de day use voc\u00ea pode aproveitar toda a nossa estrutura por um dia, um final de semana ou per\u00edodos de feriado e usufruir de atividades individuais ou em grupo, em contato com a natureza.<\/p><\/div>\n\t\t\t\t<\/div>\n\t\t\t\t<\/div>\n\t\t\t\t\t\t<\/div>\n\t\t\t\t\t<\/div>\n\t\t<\/div>\n\t\t\t\t\t\t\t\t<\/div>\n\t\t\t\t\t<\/div>\n\t\t<\/section>\n\t\t\t\t<section class=\"elementor-section elementor-top-section elementor-element elementor-element-67d6e9e elementor-section-boxed elementor-section-height-default elementor-section-height-default\" data-id=\"67d6e9e\" data-element_type=\"section\">\n\t\t\t\t\t\t<div class=\"elementor-container elementor-column-gap-default\">\n\t\t\t\t\t\t\t<div class=\"elementor-row\">\n\t\t\t\t\t<div class=\"elementor-column elementor-col-100 elementor-top-column elementor-element elementor-element-ed943da\" data-id=\"ed943da\" data-element_type=\"column\">\n\t\t\t<div class=\"elementor-column-wrap elementor-element-populated\">\n\t\t\t\t\t\t\t<div class=\"elementor-widget-wrap\">\n\t\t\t\t\t\t<div class=\"elementor-element elementor-element-88c9280 elementor-widget elementor-widget-text-editor\" data-id=\"88c9280\" data-element_type=\"widget\" data-widget_type=\"text-editor.default\">\n\t\t\t\t<div class=\"elementor-widget-container\">\n\t\t\t\t\t<div class=\"elementor-text-editor elementor-clearfix\"><p><strong>Piscina &#8211; <\/strong>Para os momentos de lazer durante os eventos. Localizada em um espa\u00e7o que pode ser utilizado para reuni\u00f5es e encontros de grupos menores.<\/p>\n<p><strong>Sauna &#8211;<\/strong> Espa\u00e7o individualizado para relax.<\/p>\n<p><strong>Sala de jogos &#8211;<\/strong> Com mesas de ping-pong, sinuca e carteado. \u00c1rea para divers\u00e3o, lazer e bate-papos.<\/p>\n<p><strong>Canchas esportivas (futebol \/ beach v\u00f4lei \/ bocha) &#8211;<\/strong> Quadras pr\u00f3prias para realiza\u00e7\u00e3o de partidas de futebol, beach v\u00f4lei e bocha. Lazer e divers\u00e3o entre amigos.<\/p>\n<p><strong>Espa\u00e7o Brincar &#8211;<\/strong> Ambiente especialmente preparado para a crian\u00e7ada, com equipamentos, jogos e materiais criativos.<\/p>\n<p><strong>Est\u00fadio de Criatividade &#8211;<\/strong> Espa\u00e7o destinado \u00e0 pr\u00e1tica de atividades como pintura, desenho, modelagem, colagem e outras.<\/p>\n<p><strong>Red\u00e1rio &#8211;<\/strong> Redes ao ar livre para momentos de reflex\u00e3o e descanso.<\/p>\n<p><strong>Quiosques &#8211;<\/strong> Estrategicamente localizados em toda a \u00e1rea do Rancho MC, oferecem ambientes que convidam ao descanso, \u00e0 leitura, \u00e0 reflex\u00e3o.<\/p>\n<p><strong>Capela &#8211;<\/strong> Para momentos de reflex\u00e3o, f\u00e9, recolhimento e ora\u00e7\u00e3o.<\/p>\n<p><strong>Pesca esportiva &#8211;<\/strong> Pode ser feita nos lagos, proporciona relax e divers\u00e3o.<\/p>\n<p><strong>Passeios de Caiaque &#8211;<\/strong> Feitos com toda a seguran\u00e7a nos lagos do Rancho MC.<\/p>\n<p><strong>Caminhadas &#8211;<\/strong> Ambientes naturais para caminhadas e contempla\u00e7\u00e3o da natureza.<\/p><\/div>\n\t\t\t\t<\/div>\n\t\t\t\t<\/div>\n\t\t\t\t\t\t<\/div>\n\t\t\t\t\t<\/div>\n\t\t<\/div>\n\t\t\t\t\t\t\t\t<\/div>\n\t\t\t\t\t<\/div>\n\t\t<\/section>\n\t\t\t\t<section class=\"elementor-section elementor-top-section elementor-element elementor-element-c9347f2 elementor-section-boxed elementor-section-height-default elementor-section-height-default\" data-id=\"c9347f2\" data-element_type=\"section\">\n\t\t\t\t\t\t<div class=\"elementor-container elementor-column-gap-default\">\n\t\t\t\t\t\t\t<div class=\"elementor-row\">\n\t\t\t\t\t<div class=\"elementor-column elementor-col-100 elementor-top-column elementor-element elementor-element-804487d\" data-id=\"804487d\" data-element_type=\"column\">\n\t\t\t<div class=\"elementor-column-wrap elementor-element-populated\">\n\t\t\t\t\t\t\t<div class=\"elementor-widget-wrap\">\n\t\t\t\t\t\t<div class=\"elementor-element elementor-element-032d4c9 elementor-widget elementor-widget-foogallery\" data-id=\"032d4c9\" data-element_type=\"widget\" data-widget_type=\"foogallery.default\">\n\t\t\t\t<div class=\"elementor-widget-container\">\n\t\t\t<div class=\"foogallery foogallery-container foogallery-default foogallery-lightbox-foobox fg-gutter-5 fg-left fg-m-col3 fg-default fg-light fg-border-thin fg-shadow-outline fg-loading-default fg-loaded-fade-in fg-caption-hover fg-hover-fade fg-hover-zoom fg-ready\" id=\"foogallery-gallery-2791\" data-foogallery=\"{&quot;item&quot;:{&quot;showCaptionTitle&quot;:true,&quot;showCaptionDescription&quot;:true},&quot;lazy&quot;:true}\" >\r\n\t<div class=\"fg-item fg-type-image fg-idle\"><figure class=\"fg-item-inner\"><a href=\"https:\/\/ranchomc.com.br\/wp-content\/uploads\/2021\/05\/day-use-1.jpg\" data-attachment-id=\"4009\" class=\"fg-thumb\"><span class=\"fg-image-wrap\"><img loading=\"lazy\" width=\"130\" height=\"130\" class=\"skip-lazy fg-image\" data-src-fg=\"https:\/\/ranchomc.com.br\/wp-content\/uploads\/cache\/2021\/05\/day-use-1\/4005269656.jpg\" src=\"data:image\/svg+xml,%3Csvg%20xmlns%3D%22http%3A%2F%2Fwww.w3.org%2F2000%2Fsvg%22%20width%3D%22130%22%20height%3D%22130%22%20viewBox%3D%220%200%20130%20130%22%3E%3C%2Fsvg%3E\" \/><\/span><span class=\"fg-image-overlay\"><\/span><\/a><figcaption class=\"fg-caption\"><div class=\"fg-caption-inner\"><\/div><\/figcaption><\/figure><div class=\"fg-loader\"><\/div><\/div><div class=\"fg-item fg-type-image fg-idle\"><figure class=\"fg-item-inner\"><a href=\"https:\/\/ranchomc.com.br\/wp-content\/uploads\/2021\/05\/day-use-3.jpg\" data-attachment-id=\"4010\" class=\"fg-thumb\"><span class=\"fg-image-wrap\"><img loading=\"lazy\" width=\"130\" height=\"130\" class=\"skip-lazy fg-image\" data-src-fg=\"https:\/\/ranchomc.com.br\/wp-content\/uploads\/cache\/2021\/05\/day-use-3\/1405506957.jpg\" src=\"data:image\/svg+xml,%3Csvg%20xmlns%3D%22http%3A%2F%2Fwww.w3.org%2F2000%2Fsvg%22%20width%3D%22130%22%20height%3D%22130%22%20viewBox%3D%220%200%20130%20130%22%3E%3C%2Fsvg%3E\" \/><\/span><span class=\"fg-image-overlay\"><\/span><\/a><figcaption class=\"fg-caption\"><div class=\"fg-caption-inner\"><\/div><\/figcaption><\/figure><div class=\"fg-loader\"><\/div><\/div><div class=\"fg-item fg-type-image fg-idle\"><figure class=\"fg-item-inner\"><a href=\"https:\/\/ranchomc.com.br\/wp-content\/uploads\/2021\/05\/day-use-4.jpg\" data-attachment-id=\"4011\" class=\"fg-thumb\"><span class=\"fg-image-wrap\"><img loading=\"lazy\" width=\"130\" height=\"130\" class=\"skip-lazy fg-image\" data-src-fg=\"https:\/\/ranchomc.com.br\/wp-content\/uploads\/cache\/2021\/05\/day-use-4\/3758259977.jpg\" src=\"data:image\/svg+xml,%3Csvg%20xmlns%3D%22http%3A%2F%2Fwww.w3.org%2F2000%2Fsvg%22%20width%3D%22130%22%20height%3D%22130%22%20viewBox%3D%220%200%20130%20130%22%3E%3C%2Fsvg%3E\" \/><\/span><span class=\"fg-image-overlay\"><\/span><\/a><figcaption class=\"fg-caption\"><div class=\"fg-caption-inner\"><\/div><\/figcaption><\/figure><div class=\"fg-loader\"><\/div><\/div><div class=\"fg-item fg-type-image fg-idle\"><figure class=\"fg-item-inner\"><a href=\"https:\/\/ranchomc.com.br\/wp-content\/uploads\/2021\/05\/day-use-5.jpg\" data-attachment-id=\"4012\" class=\"fg-thumb\"><span class=\"fg-image-wrap\"><img loading=\"lazy\" width=\"130\" height=\"130\" class=\"skip-lazy fg-image\" data-src-fg=\"https:\/\/ranchomc.com.br\/wp-content\/uploads\/cache\/2021\/05\/day-use-5\/1020927345.jpg\" src=\"data:image\/svg+xml,%3Csvg%20xmlns%3D%22http%3A%2F%2Fwww.w3.org%2F2000%2Fsvg%22%20width%3D%22130%22%20height%3D%22130%22%20viewBox%3D%220%200%20130%20130%22%3E%3C%2Fsvg%3E\" \/><\/span><span class=\"fg-image-overlay\"><\/span><\/a><figcaption class=\"fg-caption\"><div class=\"fg-caption-inner\"><\/div><\/figcaption><\/figure><div class=\"fg-loader\"><\/div><\/div><div class=\"fg-item fg-type-image fg-idle\"><figure class=\"fg-item-inner\"><a href=\"https:\/\/ranchomc.com.br\/wp-content\/uploads\/2021\/05\/day-use-6.jpg\" data-attachment-id=\"4013\" class=\"fg-thumb\"><span class=\"fg-image-wrap\"><img loading=\"lazy\" width=\"130\" height=\"130\" class=\"skip-lazy fg-image\" data-src-fg=\"https:\/\/ranchomc.com.br\/wp-content\/uploads\/cache\/2021\/05\/day-use-6\/190069007.jpg\" src=\"data:image\/svg+xml,%3Csvg%20xmlns%3D%22http%3A%2F%2Fwww.w3.org%2F2000%2Fsvg%22%20width%3D%22130%22%20height%3D%22130%22%20viewBox%3D%220%200%20130%20130%22%3E%3C%2Fsvg%3E\" \/><\/span><span class=\"fg-image-overlay\"><\/span><\/a><figcaption class=\"fg-caption\"><div class=\"fg-caption-inner\"><\/div><\/figcaption><\/figure><div class=\"fg-loader\"><\/div><\/div><div class=\"fg-item fg-type-image fg-idle\"><figure class=\"fg-item-inner\"><a href=\"https:\/\/ranchomc.com.br\/wp-content\/uploads\/2021\/05\/day-use-8.jpg\" data-attachment-id=\"4015\" class=\"fg-thumb\"><span class=\"fg-image-wrap\"><img loading=\"lazy\" width=\"130\" height=\"130\" class=\"skip-lazy fg-image\" data-src-fg=\"https:\/\/ranchomc.com.br\/wp-content\/uploads\/cache\/2021\/05\/day-use-8\/1044049649.jpg\" src=\"data:image\/svg+xml,%3Csvg%20xmlns%3D%22http%3A%2F%2Fwww.w3.org%2F2000%2Fsvg%22%20width%3D%22130%22%20height%3D%22130%22%20viewBox%3D%220%200%20130%20130%22%3E%3C%2Fsvg%3E\" \/><\/span><span class=\"fg-image-overlay\"><\/span><\/a><figcaption class=\"fg-caption\"><div class=\"fg-caption-inner\"><\/div><\/figcaption><\/figure><div class=\"fg-loader\"><\/div><\/div><div class=\"fg-item fg-type-image fg-idle\"><figure class=\"fg-item-inner\"><a href=\"https:\/\/ranchomc.com.br\/wp-content\/uploads\/2021\/05\/day-use-9.jpg\" data-attachment-id=\"4016\" class=\"fg-thumb\"><span class=\"fg-image-wrap\"><img loading=\"lazy\" width=\"130\" height=\"130\" class=\"skip-lazy fg-image\" data-src-fg=\"https:\/\/ranchomc.com.br\/wp-content\/uploads\/cache\/2021\/05\/day-use-9\/3806497929.jpg\" src=\"data:image\/svg+xml,%3Csvg%20xmlns%3D%22http%3A%2F%2Fwww.w3.org%2F2000%2Fsvg%22%20width%3D%22130%22%20height%3D%22130%22%20viewBox%3D%220%200%20130%20130%22%3E%3C%2Fsvg%3E\" \/><\/span><span class=\"fg-image-overlay\"><\/span><\/a><figcaption class=\"fg-caption\"><div class=\"fg-caption-inner\"><\/div><\/figcaption><\/figure><div class=\"fg-loader\"><\/div><\/div><div class=\"fg-item fg-type-image fg-idle\"><figure class=\"fg-item-inner\"><a href=\"https:\/\/ranchomc.com.br\/wp-content\/uploads\/2021\/05\/day-use-10.jpg\" data-attachment-id=\"4017\" class=\"fg-thumb\"><span class=\"fg-image-wrap\"><img loading=\"lazy\" width=\"130\" height=\"130\" class=\"skip-lazy fg-image\" data-src-fg=\"https:\/\/ranchomc.com.br\/wp-content\/uploads\/cache\/2021\/05\/day-use-10\/3980499775.jpg\" src=\"data:image\/svg+xml,%3Csvg%20xmlns%3D%22http%3A%2F%2Fwww.w3.org%2F2000%2Fsvg%22%20width%3D%22130%22%20height%3D%22130%22%20viewBox%3D%220%200%20130%20130%22%3E%3C%2Fsvg%3E\" \/><\/span><span class=\"fg-image-overlay\"><\/span><\/a><figcaption class=\"fg-caption\"><div class=\"fg-caption-inner\"><\/div><\/figcaption><\/figure><div class=\"fg-loader\"><\/div><\/div><div class=\"fg-item fg-type-image fg-idle\"><figure class=\"fg-item-inner\"><a href=\"https:\/\/ranchomc.com.br\/wp-content\/uploads\/2021\/05\/day-use-11.jpg\" data-attachment-id=\"4018\" class=\"fg-thumb\"><span class=\"fg-image-wrap\"><img loading=\"lazy\" width=\"130\" height=\"130\" class=\"skip-lazy fg-image\" data-src-fg=\"https:\/\/ranchomc.com.br\/wp-content\/uploads\/cache\/2021\/05\/day-use-11\/2517073011.jpg\" src=\"data:image\/svg+xml,%3Csvg%20xmlns%3D%22http%3A%2F%2Fwww.w3.org%2F2000%2Fsvg%22%20width%3D%22130%22%20height%3D%22130%22%20viewBox%3D%220%200%20130%20130%22%3E%3C%2Fsvg%3E\" \/><\/span><span class=\"fg-image-overlay\"><\/span><\/a><figcaption class=\"fg-caption\"><div class=\"fg-caption-inner\"><\/div><\/figcaption><\/figure><div class=\"fg-loader\"><\/div><\/div><div class=\"fg-item fg-type-image fg-idle\"><figure class=\"fg-item-inner\"><a href=\"https:\/\/ranchomc.com.br\/wp-content\/uploads\/2021\/05\/day-use-12.jpg\" data-attachment-id=\"4019\" class=\"fg-thumb\"><span class=\"fg-image-wrap\"><img loading=\"lazy\" width=\"130\" height=\"130\" class=\"skip-lazy fg-image\" data-src-fg=\"https:\/\/ranchomc.com.br\/wp-content\/uploads\/cache\/2021\/05\/day-use-12\/2525992266.jpg\" src=\"data:image\/svg+xml,%3Csvg%20xmlns%3D%22http%3A%2F%2Fwww.w3.org%2F2000%2Fsvg%22%20width%3D%22130%22%20height%3D%22130%22%20viewBox%3D%220%200%20130%20130%22%3E%3C%2Fsvg%3E\" \/><\/span><span class=\"fg-image-overlay\"><\/span><\/a><figcaption class=\"fg-caption\"><div class=\"fg-caption-inner\"><\/div><\/figcaption><\/figure><div class=\"fg-loader\"><\/div><\/div><div class=\"fg-item fg-type-image fg-idle\"><figure class=\"fg-item-inner\"><a href=\"https:\/\/ranchomc.com.br\/wp-content\/uploads\/2021\/05\/day-use-13.jpg\" data-attachment-id=\"4020\" class=\"fg-thumb\"><span class=\"fg-image-wrap\"><img loading=\"lazy\" width=\"130\" height=\"130\" class=\"skip-lazy fg-image\" data-src-fg=\"https:\/\/ranchomc.com.br\/wp-content\/uploads\/cache\/2021\/05\/day-use-13\/3567475764.jpg\" src=\"data:image\/svg+xml,%3Csvg%20xmlns%3D%22http%3A%2F%2Fwww.w3.org%2F2000%2Fsvg%22%20width%3D%22130%22%20height%3D%22130%22%20viewBox%3D%220%200%20130%20130%22%3E%3C%2Fsvg%3E\" \/><\/span><span class=\"fg-image-overlay\"><\/span><\/a><figcaption class=\"fg-caption\"><div class=\"fg-caption-inner\"><\/div><\/figcaption><\/figure><div class=\"fg-loader\"><\/div><\/div><div class=\"fg-item fg-type-image fg-idle\"><figure class=\"fg-item-inner\"><a href=\"https:\/\/ranchomc.com.br\/wp-content\/uploads\/2021\/05\/day-use-14.jpg\" data-attachment-id=\"4021\" class=\"fg-thumb\"><span class=\"fg-image-wrap\"><img loading=\"lazy\" width=\"130\" height=\"130\" class=\"skip-lazy fg-image\" data-src-fg=\"https:\/\/ranchomc.com.br\/wp-content\/uploads\/cache\/2021\/05\/day-use-14\/1348582391.jpg\" src=\"data:image\/svg+xml,%3Csvg%20xmlns%3D%22http%3A%2F%2Fwww.w3.org%2F2000%2Fsvg%22%20width%3D%22130%22%20height%3D%22130%22%20viewBox%3D%220%200%20130%20130%22%3E%3C%2Fsvg%3E\" \/><\/span><span class=\"fg-image-overlay\"><\/span><\/a><figcaption class=\"fg-caption\"><div class=\"fg-caption-inner\"><\/div><\/figcaption><\/figure><div class=\"fg-loader\"><\/div><\/div><div class=\"fg-item fg-type-image fg-idle\"><figure class=\"fg-item-inner\"><a href=\"https:\/\/ranchomc.com.br\/wp-content\/uploads\/2021\/05\/day-use-15.jpg\" data-attachment-id=\"4022\" class=\"fg-thumb\"><span class=\"fg-image-wrap\"><img loading=\"lazy\" width=\"130\" height=\"130\" class=\"skip-lazy fg-image\" data-src-fg=\"https:\/\/ranchomc.com.br\/wp-content\/uploads\/cache\/2021\/05\/day-use-15\/3585248838.jpg\" src=\"data:image\/svg+xml,%3Csvg%20xmlns%3D%22http%3A%2F%2Fwww.w3.org%2F2000%2Fsvg%22%20width%3D%22130%22%20height%3D%22130%22%20viewBox%3D%220%200%20130%20130%22%3E%3C%2Fsvg%3E\" \/><\/span><span class=\"fg-image-overlay\"><\/span><\/a><figcaption class=\"fg-caption\"><div class=\"fg-caption-inner\"><\/div><\/figcaption><\/figure><div class=\"fg-loader\"><\/div><\/div><div class=\"fg-item fg-type-image fg-idle\"><figure class=\"fg-item-inner\"><a href=\"https:\/\/ranchomc.com.br\/wp-content\/uploads\/2021\/05\/day-use-16.jpg\" data-attachment-id=\"4023\" class=\"fg-thumb\"><span class=\"fg-image-wrap\"><img loading=\"lazy\" width=\"130\" height=\"130\" class=\"skip-lazy fg-image\" data-src-fg=\"https:\/\/ranchomc.com.br\/wp-content\/uploads\/cache\/2021\/05\/day-use-16\/3577374591.jpg\" src=\"data:image\/svg+xml,%3Csvg%20xmlns%3D%22http%3A%2F%2Fwww.w3.org%2F2000%2Fsvg%22%20width%3D%22130%22%20height%3D%22130%22%20viewBox%3D%220%200%20130%20130%22%3E%3C%2Fsvg%3E\" \/><\/span><span class=\"fg-image-overlay\"><\/span><\/a><figcaption class=\"fg-caption\"><div class=\"fg-caption-inner\"><\/div><\/figcaption><\/figure><div class=\"fg-loader\"><\/div><\/div><div class=\"fg-item fg-type-image fg-idle\"><figure class=\"fg-item-inner\"><a href=\"https:\/\/ranchomc.com.br\/wp-content\/uploads\/2021\/05\/day-use-17.jpg\" data-attachment-id=\"4024\" class=\"fg-thumb\"><span class=\"fg-image-wrap\"><img loading=\"lazy\" width=\"130\" height=\"130\" class=\"skip-lazy fg-image\" data-src-fg=\"https:\/\/ranchomc.com.br\/wp-content\/uploads\/cache\/2021\/05\/day-use-17\/90563429.jpg\" src=\"data:image\/svg+xml,%3Csvg%20xmlns%3D%22http%3A%2F%2Fwww.w3.org%2F2000%2Fsvg%22%20width%3D%22130%22%20height%3D%22130%22%20viewBox%3D%220%200%20130%20130%22%3E%3C%2Fsvg%3E\" \/><\/span><span class=\"fg-image-overlay\"><\/span><\/a><figcaption class=\"fg-caption\"><div class=\"fg-caption-inner\"><\/div><\/figcaption><\/figure><div class=\"fg-loader\"><\/div><\/div><div class=\"fg-item fg-type-image fg-idle\"><figure class=\"fg-item-inner\"><a href=\"https:\/\/ranchomc.com.br\/wp-content\/uploads\/2021\/05\/day-use-18.jpg\" data-attachment-id=\"4025\" class=\"fg-thumb\"><span class=\"fg-image-wrap\"><img loading=\"lazy\" width=\"130\" height=\"130\" class=\"skip-lazy fg-image\" data-src-fg=\"https:\/\/ranchomc.com.br\/wp-content\/uploads\/cache\/2021\/05\/day-use-18\/1380065043.jpg\" src=\"data:image\/svg+xml,%3Csvg%20xmlns%3D%22http%3A%2F%2Fwww.w3.org%2F2000%2Fsvg%22%20width%3D%22130%22%20height%3D%22130%22%20viewBox%3D%220%200%20130%20130%22%3E%3C%2Fsvg%3E\" \/><\/span><span class=\"fg-image-overlay\"><\/span><\/a><figcaption class=\"fg-caption\"><div class=\"fg-caption-inner\"><\/div><\/figcaption><\/figure><div class=\"fg-loader\"><\/div><\/div><div class=\"fg-item fg-type-image fg-idle\"><figure class=\"fg-item-inner\"><a href=\"https:\/\/ranchomc.com.br\/wp-content\/uploads\/2021\/05\/day-use-19.jpg\" data-attachment-id=\"4026\" class=\"fg-thumb\"><span class=\"fg-image-wrap\"><img loading=\"lazy\" width=\"130\" height=\"130\" class=\"skip-lazy fg-image\" data-src-fg=\"https:\/\/ranchomc.com.br\/wp-content\/uploads\/cache\/2021\/05\/day-use-19\/3616615074.jpg\" src=\"data:image\/svg+xml,%3Csvg%20xmlns%3D%22http%3A%2F%2Fwww.w3.org%2F2000%2Fsvg%22%20width%3D%22130%22%20height%3D%22130%22%20viewBox%3D%220%200%20130%20130%22%3E%3C%2Fsvg%3E\" \/><\/span><span class=\"fg-image-overlay\"><\/span><\/a><figcaption class=\"fg-caption\"><div class=\"fg-caption-inner\"><\/div><\/figcaption><\/figure><div class=\"fg-loader\"><\/div><\/div><\/div>\r\n\t\t<\/div>\n\t\t\t\t<\/div>\n\t\t\t\t\t\t<\/div>\n\t\t\t\t\t<\/div>\n\t\t<\/div>\n\t\t\t\t\t\t\t\t<\/div>\n\t\t\t\t\t<\/div>\n\t\t<\/section>\n\t\t\t\t\t\t<\/div>\n\t\t\t\t\t\t<\/div>\n\t\t\t\t\t<\/div>\n\t\t","protected":false},"excerpt":{"rendered":"<p>O Rancho MC oferece uma s\u00e9rie de atrativos para voc\u00ea fugir da rotina da cidade e ter momentos de lazer, divers\u00e3o e relaxamento com a fam\u00edlia e amigos. Atrav\u00e9s do sistema de day use voc\u00ea pode aproveitar toda a nossa estrutura por um dia, um final de semana ou per\u00edodos de feriado e usufruir de atividades individuais ou em grupo, em contato com a natureza. Piscina &#8211; Para os momentos de lazer durante os eventos. Localizada em um espa\u00e7o que pode ser utilizado para reuni\u00f5es e encontros de grupos menores. Sauna &#8211; Espa\u00e7o individualizado para relax. Sala de jogos &#8211; Com mesas de ping-pong, sinuca e carteado. \u00c1rea para divers\u00e3o, lazer e bate-papos. Canchas esportivas (futebol \/ beach v\u00f4lei \/ bocha) &#8211; Quadras pr\u00f3prias para realiza\u00e7\u00e3o de partidas de futebol, beach v\u00f4lei e bocha. Lazer e divers\u00e3o entre amigos. Espa\u00e7o Brincar &#8211; Ambiente especialmente preparado para a crian\u00e7ada, com equipamentos, jogos e materiais criativos. Est\u00fadio de Criatividade &#8211; Espa\u00e7o destinado \u00e0 pr\u00e1tica de atividades como pintura, desenho, modelagem, colagem e outras. Red\u00e1rio &#8211; Redes ao ar livre para momentos de reflex\u00e3o e descanso. Quiosques &#8211; Estrategicamente localizados em toda a \u00e1rea do Rancho MC, oferecem ambientes que convidam ao descanso, \u00e0 leitura, \u00e0 reflex\u00e3o. Capela &#8211; Para momentos de reflex\u00e3o, f\u00e9, recolhimento e ora\u00e7\u00e3o. Pesca esportiva &#8211; Pode ser feita nos lagos, proporciona relax e divers\u00e3o. Passeios de Caiaque &#8211; Feitos com toda a seguran\u00e7a nos lagos do Rancho MC. Caminhadas &#8211; Ambientes naturais para caminhadas e contempla\u00e7\u00e3o da natureza.<\/p>\n","protected":false},"author":1,"featured_media":4004,"parent":0,"menu_order":0,"comment_status":"closed","ping_status":"closed","template":"","meta":{"_monsterinsights_skip_tracking":false,"_monsterinsights_sitenote_active":false,"_monsterinsights_sitenote_note":"","_monsterinsights_sitenote_category":0},"_links":{"self":[{"href":"https:\/\/ranchomc.com.br\/index.php?rest_route=\/wp\/v2\/pages\/2787"}],"collection":[{"href":"https:\/\/ranchomc.com.br\/index.php?rest_route=\/wp\/v2\/pages"}],"about":[{"href":"https:\/\/ranchomc.com.br\/index.php?rest_route=\/wp\/v2\/types\/page"}],"author":[{"embeddable":true,"href":"https:\/\/ranchomc.com.br\/index.php?rest_route=\/wp\/v2\/users\/1"}],"replies":[{"embeddable":true,"href":"https:\/\/ranchomc.com.br\/index.php?rest_route=%2Fwp%2Fv2%2Fcomments&post=2787"}],"version-history":[{"count":10,"href":"https:\/\/ranchomc.com.br\/index.php?rest_route=\/wp\/v2\/pages\/2787\/revisions"}],"predecessor-version":[{"id":4005,"href":"https:\/\/ranchomc.com.br\/index.php?rest_route=\/wp\/v2\/pages\/2787\/revisions\/4005"}],"wp:featuredmedia":[{"embeddable":true,"href":"https:\/\/ranchomc.com.br\/index.php?rest_route=\/wp\/v2\/media\/4004"}],"wp:attachment":[{"href":"https:\/\/ranchomc.com.br\/index.php?rest_route=%2Fwp%2Fv2%2Fmedia&parent=2787"}],"curies":[{"name":"wp","href":"https:\/\/api.w.org\/{rel}","templated":true}]}}